{"id":1310,"date":"2021-08-27T14:07:16","date_gmt":"2021-08-27T14:07:16","guid":{"rendered":"https:\/\/pixelmaker.info\/?page_id=1310"},"modified":"2021-10-28T20:43:25","modified_gmt":"2021-10-28T20:43:25","slug":"500r","status":"publish","type":"page","link":"https:\/\/ride-in.de\/site\/voge\/500r\/","title":{"rendered":"500R"},"content":{"rendered":"\t\t<div data-elementor-type=\"wp-page\" data-elementor-id=\"1310\" class=\"elementor elementor-1310\">\n\t\t\t\t\t\t<section class=\"has_eae_slider elementor-section elementor-top-section elementor-element elementor-element-5dfa19b elementor-section-boxed elementor-section-height-default elementor-section-height-default\" data-eae-slider=\"21268\" data-id=\"5dfa19b\" data-element_type=\"section\" data-e-type=\"section\">\n\t\t\t\t\t\t<div class=\"elementor-container elementor-column-gap-default\">\n\t\t\t\t\t<div class=\"has_eae_slider elementor-column elementor-col-100 elementor-top-column elementor-element elementor-element-8a57834\" data-eae-slider=\"682\" data-id=\"8a57834\" data-element_type=\"column\" data-e-type=\"column\">\n\t\t\t<div class=\"elementor-widget-wrap elementor-element-populated\">\n\t\t\t\t\t\t<div class=\"elementor-element elementor-element-1068f84 elementor-widget elementor-widget-text-editor\" data-id=\"1068f84\" data-element_type=\"widget\" data-e-type=\"widget\" data-widget_type=\"text-editor.default\">\n\t\t\t\t<div class=\"elementor-widget-container\">\n\t\t\t\t\t\t\t\t\t<div id=\"c158\" class=\"widthContainer-full\"><div class=\"widthContainer-content\"><div class=\"row \"><div class=\"widthContainer-content contentWrap_c157\"><div id=\"c157\" class=\"widthContainer-content\"><div class=\"ce-textpic ce-center ce-below\"><div class=\"ce-bodytext\"><p class=\"text-center\">Ein Naked-Bike, das dir nicht mehr aus dem Kopf gehen wird! Die 500R begeistert mit kompromissloser Leistungsentfaltung und messerscharfem Handling von der ersten Sekunde an. Der fl\u00fcssigkeitsgek\u00fchlte Zweizylinder Viertaktmotor sorgt f\u00fcr ordentlich Power und Adrenalin pur in jeder Kurve!<\/p><p class=\"text-center\">Dass die 500R viel zu bieten hat, best\u00e4tigt auch das Magazin <em>MOTORRAD<\/em>:<\/p><p class=\"text-center\">&#8220;Dem Newcomer von Voge muss man ein dickes Kompliment zollen: So rund und gut fuhr bislang noch kaum ein chinesisches Motorrad, so fein verarbeitet selbst im Detail erst recht noch keines. Power wie eine Honda CB 500 F, Preis noch unter einer Kawasaki Z 400 und, okay, Gewicht \u00fcber vier Zentner. Achillesferse der schicken Chinesin ist die aktuell mickrige Zuladung. Doch Importeur MSA wei\u00df, wie man hier Marken aus Asien etabliert.<\/p><\/div><\/div><\/div><\/div><\/div><\/div><\/div>\t\t\t\t\t\t\t\t<\/div>\n\t\t\t\t<\/div>\n\t\t\t\t\t<\/div>\n\t\t<\/div>\n\t\t\t\t\t<\/div>\n\t\t<\/section>\n\t\t\t\t<section class=\"has_eae_slider elementor-section elementor-top-section elementor-element elementor-element-d760174 elementor-section-boxed elementor-section-height-default elementor-section-height-default\" data-eae-slider=\"41392\" data-id=\"d760174\" data-element_type=\"section\" data-e-type=\"section\">\n\t\t\t\t\t\t<div class=\"elementor-container elementor-column-gap-default\">\n\t\t\t\t\t<div class=\"has_eae_slider elementor-column elementor-col-33 elementor-top-column elementor-element elementor-element-a9e4a44\" data-eae-slider=\"62277\" data-id=\"a9e4a44\" data-element_type=\"column\" data-e-type=\"column\">\n\t\t\t<div class=\"elementor-widget-wrap elementor-element-populated\">\n\t\t\t\t\t\t<div class=\"elementor-element elementor-element-443ffe2 elementor-widget elementor-widget-image\" data-id=\"443ffe2\" data-element_type=\"widget\" data-e-type=\"widget\" data-widget_type=\"image.default\">\n\t\t\t\t<div class=\"elementor-widget-container\">\n\t\t\t\t\t\t\t\t\t\t\t\t\t\t\t<img fetchpriority=\"high\" decoding=\"async\" width=\"1024\" height=\"683\" src=\"https:\/\/ride-in.de\/site\/wp-content\/uploads\/VOGE_500R_red_04-1024x683.jpg\" class=\"attachment-large size-large wp-image-1363\" alt=\"\" srcset=\"https:\/\/ride-in.de\/site\/wp-content\/uploads\/VOGE_500R_red_04-1024x683.jpg 1024w, https:\/\/ride-in.de\/site\/wp-content\/uploads\/VOGE_500R_red_04-300x200.jpg 300w, https:\/\/ride-in.de\/site\/wp-content\/uploads\/VOGE_500R_red_04-768x512.jpg 768w, https:\/\/ride-in.de\/site\/wp-content\/uploads\/VOGE_500R_red_04-1536x1024.jpg 1536w, https:\/\/ride-in.de\/site\/wp-content\/uploads\/VOGE_500R_red_04-2048x1365.jpg 2048w, https:\/\/ride-in.de\/site\/wp-content\/uploads\/VOGE_500R_red_04-450x300.jpg 450w, https:\/\/ride-in.de\/site\/wp-content\/uploads\/VOGE_500R_red_04-90x60.jpg 90w\" sizes=\"(max-width: 1024px) 100vw, 1024px\" \/>\t\t\t\t\t\t\t\t\t\t\t\t\t\t\t<\/div>\n\t\t\t\t<\/div>\n\t\t\t\t\t<\/div>\n\t\t<\/div>\n\t\t\t\t<div class=\"has_eae_slider elementor-column elementor-col-33 elementor-top-column elementor-element elementor-element-4b61275\" data-eae-slider=\"68512\" data-id=\"4b61275\" data-element_type=\"column\" data-e-type=\"column\">\n\t\t\t<div class=\"elementor-widget-wrap elementor-element-populated\">\n\t\t\t\t\t\t<div class=\"elementor-element elementor-element-9ad1beb elementor-widget elementor-widget-image\" data-id=\"9ad1beb\" data-element_type=\"widget\" data-e-type=\"widget\" data-widget_type=\"image.default\">\n\t\t\t\t<div class=\"elementor-widget-container\">\n\t\t\t\t\t\t\t\t\t\t\t\t\t\t\t<img decoding=\"async\" width=\"1024\" height=\"683\" src=\"https:\/\/ride-in.de\/site\/wp-content\/uploads\/VOGE_500R_red_06-1024x683.jpg\" class=\"attachment-large size-large wp-image-1364\" alt=\"\" srcset=\"https:\/\/ride-in.de\/site\/wp-content\/uploads\/VOGE_500R_red_06-1024x683.jpg 1024w, https:\/\/ride-in.de\/site\/wp-content\/uploads\/VOGE_500R_red_06-300x200.jpg 300w, https:\/\/ride-in.de\/site\/wp-content\/uploads\/VOGE_500R_red_06-768x512.jpg 768w, https:\/\/ride-in.de\/site\/wp-content\/uploads\/VOGE_500R_red_06-1536x1024.jpg 1536w, https:\/\/ride-in.de\/site\/wp-content\/uploads\/VOGE_500R_red_06-2048x1365.jpg 2048w, https:\/\/ride-in.de\/site\/wp-content\/uploads\/VOGE_500R_red_06-450x300.jpg 450w, https:\/\/ride-in.de\/site\/wp-content\/uploads\/VOGE_500R_red_06-90x60.jpg 90w\" sizes=\"(max-width: 1024px) 100vw, 1024px\" \/>\t\t\t\t\t\t\t\t\t\t\t\t\t\t\t<\/div>\n\t\t\t\t<\/div>\n\t\t\t\t\t<\/div>\n\t\t<\/div>\n\t\t\t\t<div class=\"has_eae_slider elementor-column elementor-col-33 elementor-top-column elementor-element elementor-element-e1f69ab\" data-eae-slider=\"14352\" data-id=\"e1f69ab\" data-element_type=\"column\" data-e-type=\"column\">\n\t\t\t<div class=\"elementor-widget-wrap elementor-element-populated\">\n\t\t\t\t\t\t<div class=\"elementor-element elementor-element-3d88023 elementor-widget elementor-widget-image\" data-id=\"3d88023\" data-element_type=\"widget\" data-e-type=\"widget\" data-widget_type=\"image.default\">\n\t\t\t\t<div class=\"elementor-widget-container\">\n\t\t\t\t\t\t\t\t\t\t\t\t\t\t\t<img decoding=\"async\" width=\"1024\" height=\"683\" src=\"https:\/\/ride-in.de\/site\/wp-content\/uploads\/VOGE_500R_red_02-1-1024x683.jpg\" class=\"attachment-large size-large wp-image-1362\" alt=\"\" srcset=\"https:\/\/ride-in.de\/site\/wp-content\/uploads\/VOGE_500R_red_02-1-1024x683.jpg 1024w, https:\/\/ride-in.de\/site\/wp-content\/uploads\/VOGE_500R_red_02-1-300x200.jpg 300w, https:\/\/ride-in.de\/site\/wp-content\/uploads\/VOGE_500R_red_02-1-768x512.jpg 768w, https:\/\/ride-in.de\/site\/wp-content\/uploads\/VOGE_500R_red_02-1-1536x1024.jpg 1536w, https:\/\/ride-in.de\/site\/wp-content\/uploads\/VOGE_500R_red_02-1-2048x1365.jpg 2048w, https:\/\/ride-in.de\/site\/wp-content\/uploads\/VOGE_500R_red_02-1-450x300.jpg 450w, https:\/\/ride-in.de\/site\/wp-content\/uploads\/VOGE_500R_red_02-1-90x60.jpg 90w\" sizes=\"(max-width: 1024px) 100vw, 1024px\" \/>\t\t\t\t\t\t\t\t\t\t\t\t\t\t\t<\/div>\n\t\t\t\t<\/div>\n\t\t\t\t\t<\/div>\n\t\t<\/div>\n\t\t\t\t\t<\/div>\n\t\t<\/section>\n\t\t\t\t<section class=\"has_eae_slider elementor-section elementor-top-section elementor-element elementor-element-c9fdc31 elementor-section-boxed elementor-section-height-default elementor-section-height-default\" data-eae-slider=\"10076\" data-id=\"c9fdc31\" data-element_type=\"section\" data-e-type=\"section\">\n\t\t\t\t\t\t<div class=\"elementor-container elementor-column-gap-default\">\n\t\t\t\t\t<div class=\"has_eae_slider elementor-column elementor-col-25 elementor-top-column elementor-element elementor-element-6375474\" data-eae-slider=\"15529\" data-id=\"6375474\" data-element_type=\"column\" data-e-type=\"column\">\n\t\t\t<div class=\"elementor-widget-wrap elementor-element-populated\">\n\t\t\t\t\t\t<div class=\"elementor-element elementor-element-b94b62a elementor-widget elementor-widget-image\" data-id=\"b94b62a\" data-element_type=\"widget\" data-e-type=\"widget\" data-widget_type=\"image.default\">\n\t\t\t\t<div class=\"elementor-widget-container\">\n\t\t\t\t\t\t\t\t\t\t\t\t\t\t\t<img loading=\"lazy\" decoding=\"async\" width=\"730\" height=\"486\" src=\"https:\/\/ride-in.de\/site\/wp-content\/uploads\/VOGE_500R_Fahraufnahme10.jpg\" class=\"attachment-large size-large wp-image-1368\" alt=\"\" srcset=\"https:\/\/ride-in.de\/site\/wp-content\/uploads\/VOGE_500R_Fahraufnahme10.jpg 730w, https:\/\/ride-in.de\/site\/wp-content\/uploads\/VOGE_500R_Fahraufnahme10-300x200.jpg 300w, https:\/\/ride-in.de\/site\/wp-content\/uploads\/VOGE_500R_Fahraufnahme10-450x300.jpg 450w, https:\/\/ride-in.de\/site\/wp-content\/uploads\/VOGE_500R_Fahraufnahme10-90x60.jpg 90w\" sizes=\"(max-width: 730px) 100vw, 730px\" \/>\t\t\t\t\t\t\t\t\t\t\t\t\t\t\t<\/div>\n\t\t\t\t<\/div>\n\t\t\t\t\t<\/div>\n\t\t<\/div>\n\t\t\t\t<div class=\"has_eae_slider elementor-column elementor-col-25 elementor-top-column elementor-element elementor-element-6dd7721\" data-eae-slider=\"3722\" data-id=\"6dd7721\" data-element_type=\"column\" data-e-type=\"column\">\n\t\t\t<div class=\"elementor-widget-wrap elementor-element-populated\">\n\t\t\t\t\t\t<div class=\"elementor-element elementor-element-48e1bc2 elementor-widget elementor-widget-image\" data-id=\"48e1bc2\" data-element_type=\"widget\" data-e-type=\"widget\" data-widget_type=\"image.default\">\n\t\t\t\t<div class=\"elementor-widget-container\">\n\t\t\t\t\t\t\t\t\t\t\t\t\t\t\t<img loading=\"lazy\" decoding=\"async\" width=\"1024\" height=\"768\" src=\"https:\/\/ride-in.de\/site\/wp-content\/uploads\/VOGE_500R_Fahraufnahme02-1024x768.jpg\" class=\"attachment-large size-large wp-image-1365\" alt=\"\" srcset=\"https:\/\/ride-in.de\/site\/wp-content\/uploads\/VOGE_500R_Fahraufnahme02-1024x768.jpg 1024w, https:\/\/ride-in.de\/site\/wp-content\/uploads\/VOGE_500R_Fahraufnahme02-300x225.jpg 300w, https:\/\/ride-in.de\/site\/wp-content\/uploads\/VOGE_500R_Fahraufnahme02-768x576.jpg 768w, https:\/\/ride-in.de\/site\/wp-content\/uploads\/VOGE_500R_Fahraufnahme02-1536x1152.jpg 1536w, https:\/\/ride-in.de\/site\/wp-content\/uploads\/VOGE_500R_Fahraufnahme02-80x60.jpg 80w, https:\/\/ride-in.de\/site\/wp-content\/uploads\/VOGE_500R_Fahraufnahme02.jpg 2000w\" sizes=\"(max-width: 1024px) 100vw, 1024px\" \/>\t\t\t\t\t\t\t\t\t\t\t\t\t\t\t<\/div>\n\t\t\t\t<\/div>\n\t\t\t\t\t<\/div>\n\t\t<\/div>\n\t\t\t\t<div class=\"has_eae_slider elementor-column elementor-col-25 elementor-top-column elementor-element elementor-element-df1ec53\" data-eae-slider=\"22855\" data-id=\"df1ec53\" data-element_type=\"column\" data-e-type=\"column\">\n\t\t\t<div class=\"elementor-widget-wrap elementor-element-populated\">\n\t\t\t\t\t\t<div class=\"elementor-element elementor-element-10315b7 elementor-widget elementor-widget-image\" data-id=\"10315b7\" data-element_type=\"widget\" data-e-type=\"widget\" data-widget_type=\"image.default\">\n\t\t\t\t<div class=\"elementor-widget-container\">\n\t\t\t\t\t\t\t\t\t\t\t\t\t\t\t<img loading=\"lazy\" decoding=\"async\" width=\"1024\" height=\"768\" src=\"https:\/\/ride-in.de\/site\/wp-content\/uploads\/VOGE_500R_Fahraufnahme03-1024x768.jpg\" class=\"attachment-large size-large wp-image-1366\" alt=\"\" srcset=\"https:\/\/ride-in.de\/site\/wp-content\/uploads\/VOGE_500R_Fahraufnahme03-1024x768.jpg 1024w, https:\/\/ride-in.de\/site\/wp-content\/uploads\/VOGE_500R_Fahraufnahme03-300x225.jpg 300w, https:\/\/ride-in.de\/site\/wp-content\/uploads\/VOGE_500R_Fahraufnahme03-768x576.jpg 768w, https:\/\/ride-in.de\/site\/wp-content\/uploads\/VOGE_500R_Fahraufnahme03-1536x1152.jpg 1536w, https:\/\/ride-in.de\/site\/wp-content\/uploads\/VOGE_500R_Fahraufnahme03-80x60.jpg 80w, https:\/\/ride-in.de\/site\/wp-content\/uploads\/VOGE_500R_Fahraufnahme03.jpg 2000w\" sizes=\"(max-width: 1024px) 100vw, 1024px\" \/>\t\t\t\t\t\t\t\t\t\t\t\t\t\t\t<\/div>\n\t\t\t\t<\/div>\n\t\t\t\t\t<\/div>\n\t\t<\/div>\n\t\t\t\t<div class=\"has_eae_slider elementor-column elementor-col-25 elementor-top-column elementor-element elementor-element-a8a0164\" data-eae-slider=\"19605\" data-id=\"a8a0164\" data-element_type=\"column\" data-e-type=\"column\">\n\t\t\t<div class=\"elementor-widget-wrap elementor-element-populated\">\n\t\t\t\t\t\t<div class=\"elementor-element elementor-element-d4e9ebb elementor-widget elementor-widget-image\" data-id=\"d4e9ebb\" data-element_type=\"widget\" data-e-type=\"widget\" data-widget_type=\"image.default\">\n\t\t\t\t<div class=\"elementor-widget-container\">\n\t\t\t\t\t\t\t\t\t\t\t\t\t\t\t<img loading=\"lazy\" decoding=\"async\" width=\"1024\" height=\"768\" src=\"https:\/\/ride-in.de\/site\/wp-content\/uploads\/VOGE_500R_Fahraufnahme04-1024x768.jpg\" class=\"attachment-large size-large wp-image-1367\" alt=\"\" srcset=\"https:\/\/ride-in.de\/site\/wp-content\/uploads\/VOGE_500R_Fahraufnahme04-1024x768.jpg 1024w, https:\/\/ride-in.de\/site\/wp-content\/uploads\/VOGE_500R_Fahraufnahme04-300x225.jpg 300w, https:\/\/ride-in.de\/site\/wp-content\/uploads\/VOGE_500R_Fahraufnahme04-768x576.jpg 768w, https:\/\/ride-in.de\/site\/wp-content\/uploads\/VOGE_500R_Fahraufnahme04-1536x1152.jpg 1536w, https:\/\/ride-in.de\/site\/wp-content\/uploads\/VOGE_500R_Fahraufnahme04-80x60.jpg 80w, https:\/\/ride-in.de\/site\/wp-content\/uploads\/VOGE_500R_Fahraufnahme04.jpg 2000w\" sizes=\"(max-width: 1024px) 100vw, 1024px\" \/>\t\t\t\t\t\t\t\t\t\t\t\t\t\t\t<\/div>\n\t\t\t\t<\/div>\n\t\t\t\t\t<\/div>\n\t\t<\/div>\n\t\t\t\t\t<\/div>\n\t\t<\/section>\n\t\t\t\t<section class=\"has_eae_slider elementor-section elementor-top-section elementor-element elementor-element-9e707a8 elementor-section-boxed elementor-section-height-default elementor-section-height-default\" data-eae-slider=\"72304\" data-id=\"9e707a8\" data-element_type=\"section\" data-e-type=\"section\">\n\t\t\t\t\t\t<div class=\"elementor-container elementor-column-gap-default\">\n\t\t\t\t\t<div class=\"has_eae_slider elementor-column elementor-col-100 elementor-top-column elementor-element elementor-element-52742c7\" data-eae-slider=\"57461\" data-id=\"52742c7\" data-element_type=\"column\" data-e-type=\"column\">\n\t\t\t<div class=\"elementor-widget-wrap elementor-element-populated\">\n\t\t\t\t\t\t<div class=\"elementor-element elementor-element-0475f19 elementor-widget elementor-widget-text-editor\" data-id=\"0475f19\" data-element_type=\"widget\" data-e-type=\"widget\" data-widget_type=\"text-editor.default\">\n\t\t\t\t<div class=\"elementor-widget-container\">\n\t\t\t\t\t\t\t\t\t<h3>Technische Daten<\/h3><table class=\"productTechnicalSpec\"><tbody><tr><td class=\"specTitle\">Motor<\/td><td class=\"specVal\">fl\u00fcssigkeitsgek\u00fchlter 2-Zylinder-Viertaktmotor mit 4 Ventilen und elektronischer Einspritzung<\/td><\/tr><tr><td class=\"specTitle\">Hubraum<\/td><td class=\"specVal\">471 ccm<\/td><\/tr><tr><td class=\"specTitle\">Max. Leistung<\/td><td class=\"specVal\">34.5 kW (46.92 PS) bei 8500 U\/min<\/td><\/tr><tr><td class=\"specTitle\">Max. Drehmoment<\/td><td class=\"specVal\">44,5 Nm bei 7000 U\/min<\/td><\/tr><tr><td class=\"specTitle\">Getriebe<\/td><td class=\"specVal\">6-Gang Schaltgetriebe<\/td><\/tr><tr><td class=\"specTitle\">Antrieb<\/td><td class=\"specVal\">Kette<\/td><\/tr><tr><td class=\"specTitle\">Abmessungen (LxBxH)<\/td><td class=\"specVal\">2100 mm x 770 mm x 1090 mm<\/td><\/tr><tr><td class=\"specTitle\">Sitzh\u00f6he<\/td><td class=\"specVal\">800 mm<\/td><\/tr><tr><td class=\"specTitle\">Gewicht fahrfertig<\/td><td class=\"specVal\">198 kg<\/td><\/tr><tr><td class=\"specTitle\">Tankinhalt<\/td><td class=\"specVal\">16,5 L<\/td><\/tr><tr><td class=\"specTitle\">Reifen (vorne\/hinten)<\/td><td class=\"specVal\">120\/70-17 | 160\/60-17 (Pirelli Serienbereifung)<\/td><\/tr><tr><td class=\"specTitle\">Bremse<\/td><td class=\"specVal\">NISSIN Bremsen: mit 2 Wave-Bremsscheiben vorne (298 mm) und 1 Wave-Bremsscheibe hinten (240 mm) mit Bosch ABS<\/td><\/tr><tr><td class=\"specTitle\">Radaufh\u00e4ngung (vorne)<\/td><td class=\"specVal\">41 mm-Upside-Down-Gabel (Kayaba)<\/td><\/tr><tr><td class=\"specTitle\">Radaufh\u00e4ngung (hinten)<\/td><td class=\"specVal\">Schwinge mit Zentralfederbein (Kayaba), Federvorspannung verstellbar<\/td><\/tr><tr><td class=\"specTitle\">Abgaswerte<\/td><td class=\"specVal\"><p>EURO 5 \/ Kraftstoffverbrauch (l\/100 km) \u00d8 4,2l;<br \/>CO<sub>2<\/sub> Emissionen 98g\/km<\/p><p>\u00a0<\/p><p>Preis ink. 19 % Mwst. 5250,-\u20ac<\/p><\/td><\/tr><\/tbody><\/table>\t\t\t\t\t\t\t\t<\/div>\n\t\t\t\t<\/div>\n\t\t\t\t\t<\/div>\n\t\t<\/div>\n\t\t\t\t\t<\/div>\n\t\t<\/section>\n\t\t\t\t<\/div>\n\t\t","protected":false},"excerpt":{"rendered":"<p>Ein Naked-Bike, das dir nicht mehr aus dem Kopf gehen wird! Die 500R begeistert mit kompromissloser Leistungsentfaltung und messerscharfem Handling von der ersten Sekunde an. Der fl\u00fcssigkeitsgek\u00fchlte Zweizylinder Viertaktmotor sorgt f\u00fcr ordentlich Power und Adrenalin pur in jeder Kurve! Dass die 500R viel zu bieten hat, best\u00e4tigt auch das Magazin MOTORRAD: &#8220;Dem Newcomer von Voge &hellip; <\/p>\n","protected":false},"author":2,"featured_media":0,"parent":181,"menu_order":3,"comment_status":"closed","ping_status":"closed","template":"","meta":{"footnotes":""},"folder":[142],"class_list":["post-1310","page","type-page","status-publish","hentry"],"yoast_head":"<!-- This site is optimized with the Yoast SEO plugin v27.5 - https:\/\/yoast.com\/product\/yoast-seo-wordpress\/ -->\n<title>500R - RIDE IN<\/title>\n<meta name=\"robots\" content=\"index, follow, max-snippet:-1, max-image-preview:large, max-video-preview:-1\" \/>\n<link rel=\"canonical\" href=\"https:\/\/ride-in.de\/site\/voge\/500r\/\" \/>\n<meta property=\"og:locale\" content=\"de_DE\" \/>\n<meta property=\"og:type\" content=\"article\" \/>\n<meta property=\"og:title\" content=\"500R - RIDE IN\" \/>\n<meta property=\"og:description\" content=\"Ein Naked-Bike, das dir nicht mehr aus dem Kopf gehen wird! Die 500R begeistert mit kompromissloser Leistungsentfaltung und messerscharfem Handling von der ersten Sekunde an. Der fl\u00fcssigkeitsgek\u00fchlte Zweizylinder Viertaktmotor sorgt f\u00fcr ordentlich Power und Adrenalin pur in jeder Kurve! Dass die 500R viel zu bieten hat, best\u00e4tigt auch das Magazin MOTORRAD: &#8220;Dem Newcomer von Voge &hellip;\" \/>\n<meta property=\"og:url\" content=\"https:\/\/ride-in.de\/site\/voge\/500r\/\" \/>\n<meta property=\"og:site_name\" content=\"RIDE IN\" \/>\n<meta property=\"article:modified_time\" content=\"2021-10-28T20:43:25+00:00\" \/>\n<meta property=\"og:image\" content=\"https:\/\/ride-in.de\/site\/wp-content\/uploads\/VOGE_500R_red_04-scaled.jpg\" \/>\n\t<meta property=\"og:image:width\" content=\"2560\" \/>\n\t<meta property=\"og:image:height\" content=\"1707\" \/>\n\t<meta property=\"og:image:type\" content=\"image\/jpeg\" \/>\n<meta name=\"twitter:card\" content=\"summary_large_image\" \/>\n<meta name=\"twitter:label1\" content=\"Gesch\u00e4tzte Lesezeit\" \/>\n\t<meta name=\"twitter:data1\" content=\"1\u00a0Minute\" \/>\n<script type=\"application\/ld+json\" class=\"yoast-schema-graph\">{\"@context\":\"https:\\\/\\\/schema.org\",\"@graph\":[{\"@type\":\"WebPage\",\"@id\":\"https:\\\/\\\/ride-in.de\\\/site\\\/voge\\\/500r\\\/\",\"url\":\"https:\\\/\\\/ride-in.de\\\/site\\\/voge\\\/500r\\\/\",\"name\":\"500R - RIDE IN\",\"isPartOf\":{\"@id\":\"https:\\\/\\\/ride-in.de\\\/site\\\/#website\"},\"primaryImageOfPage\":{\"@id\":\"https:\\\/\\\/ride-in.de\\\/site\\\/voge\\\/500r\\\/#primaryimage\"},\"image\":{\"@id\":\"https:\\\/\\\/ride-in.de\\\/site\\\/voge\\\/500r\\\/#primaryimage\"},\"thumbnailUrl\":\"https:\\\/\\\/ride-in.de\\\/site\\\/wp-content\\\/uploads\\\/VOGE_500R_red_04-1024x683.jpg\",\"datePublished\":\"2021-08-27T14:07:16+00:00\",\"dateModified\":\"2021-10-28T20:43:25+00:00\",\"breadcrumb\":{\"@id\":\"https:\\\/\\\/ride-in.de\\\/site\\\/voge\\\/500r\\\/#breadcrumb\"},\"inLanguage\":\"de\",\"potentialAction\":[{\"@type\":\"ReadAction\",\"target\":[\"https:\\\/\\\/ride-in.de\\\/site\\\/voge\\\/500r\\\/\"]}]},{\"@type\":\"ImageObject\",\"inLanguage\":\"de\",\"@id\":\"https:\\\/\\\/ride-in.de\\\/site\\\/voge\\\/500r\\\/#primaryimage\",\"url\":\"https:\\\/\\\/ride-in.de\\\/site\\\/wp-content\\\/uploads\\\/VOGE_500R_red_04-scaled.jpg\",\"contentUrl\":\"https:\\\/\\\/ride-in.de\\\/site\\\/wp-content\\\/uploads\\\/VOGE_500R_red_04-scaled.jpg\",\"width\":2560,\"height\":1707},{\"@type\":\"BreadcrumbList\",\"@id\":\"https:\\\/\\\/ride-in.de\\\/site\\\/voge\\\/500r\\\/#breadcrumb\",\"itemListElement\":[{\"@type\":\"ListItem\",\"position\":1,\"name\":\"Start\",\"item\":\"https:\\\/\\\/ride-in.de\\\/site\\\/\"},{\"@type\":\"ListItem\",\"position\":2,\"name\":\"VOGE\",\"item\":\"https:\\\/\\\/ride-in.de\\\/site\\\/voge\\\/\"},{\"@type\":\"ListItem\",\"position\":3,\"name\":\"500R\"}]},{\"@type\":\"WebSite\",\"@id\":\"https:\\\/\\\/ride-in.de\\\/site\\\/#website\",\"url\":\"https:\\\/\\\/ride-in.de\\\/site\\\/\",\"name\":\"RIDE IN\",\"description\":\"Zweirad-Service\",\"publisher\":{\"@id\":\"https:\\\/\\\/ride-in.de\\\/site\\\/#organization\"},\"potentialAction\":[{\"@type\":\"SearchAction\",\"target\":{\"@type\":\"EntryPoint\",\"urlTemplate\":\"https:\\\/\\\/ride-in.de\\\/site\\\/?s={search_term_string}\"},\"query-input\":{\"@type\":\"PropertyValueSpecification\",\"valueRequired\":true,\"valueName\":\"search_term_string\"}}],\"inLanguage\":\"de\"},{\"@type\":\"Organization\",\"@id\":\"https:\\\/\\\/ride-in.de\\\/site\\\/#organization\",\"name\":\"RIDE IN\",\"url\":\"https:\\\/\\\/ride-in.de\\\/site\\\/\",\"logo\":{\"@type\":\"ImageObject\",\"inLanguage\":\"de\",\"@id\":\"https:\\\/\\\/ride-in.de\\\/site\\\/#\\\/schema\\\/logo\\\/image\\\/\",\"url\":\"https:\\\/\\\/ride-in.de\\\/site\\\/wp-content\\\/uploads\\\/2021\\\/01\\\/logo-ride-in-gerade333x111.png\",\"contentUrl\":\"https:\\\/\\\/ride-in.de\\\/site\\\/wp-content\\\/uploads\\\/2021\\\/01\\\/logo-ride-in-gerade333x111.png\",\"width\":333,\"height\":111,\"caption\":\"RIDE IN\"},\"image\":{\"@id\":\"https:\\\/\\\/ride-in.de\\\/site\\\/#\\\/schema\\\/logo\\\/image\\\/\"}}]}<\/script>\n<!-- \/ Yoast SEO plugin. -->","yoast_head_json":{"title":"500R - RIDE IN","robots":{"index":"index","follow":"follow","max-snippet":"max-snippet:-1","max-image-preview":"max-image-preview:large","max-video-preview":"max-video-preview:-1"},"canonical":"https:\/\/ride-in.de\/site\/voge\/500r\/","og_locale":"de_DE","og_type":"article","og_title":"500R - RIDE IN","og_description":"Ein Naked-Bike, das dir nicht mehr aus dem Kopf gehen wird! Die 500R begeistert mit kompromissloser Leistungsentfaltung und messerscharfem Handling von der ersten Sekunde an. Der fl\u00fcssigkeitsgek\u00fchlte Zweizylinder Viertaktmotor sorgt f\u00fcr ordentlich Power und Adrenalin pur in jeder Kurve! Dass die 500R viel zu bieten hat, best\u00e4tigt auch das Magazin MOTORRAD: &#8220;Dem Newcomer von Voge &hellip;","og_url":"https:\/\/ride-in.de\/site\/voge\/500r\/","og_site_name":"RIDE IN","article_modified_time":"2021-10-28T20:43:25+00:00","og_image":[{"width":2560,"height":1707,"url":"https:\/\/ride-in.de\/site\/wp-content\/uploads\/VOGE_500R_red_04-scaled.jpg","type":"image\/jpeg"}],"twitter_card":"summary_large_image","twitter_misc":{"Gesch\u00e4tzte Lesezeit":"1\u00a0Minute"},"schema":{"@context":"https:\/\/schema.org","@graph":[{"@type":"WebPage","@id":"https:\/\/ride-in.de\/site\/voge\/500r\/","url":"https:\/\/ride-in.de\/site\/voge\/500r\/","name":"500R - RIDE IN","isPartOf":{"@id":"https:\/\/ride-in.de\/site\/#website"},"primaryImageOfPage":{"@id":"https:\/\/ride-in.de\/site\/voge\/500r\/#primaryimage"},"image":{"@id":"https:\/\/ride-in.de\/site\/voge\/500r\/#primaryimage"},"thumbnailUrl":"https:\/\/ride-in.de\/site\/wp-content\/uploads\/VOGE_500R_red_04-1024x683.jpg","datePublished":"2021-08-27T14:07:16+00:00","dateModified":"2021-10-28T20:43:25+00:00","breadcrumb":{"@id":"https:\/\/ride-in.de\/site\/voge\/500r\/#breadcrumb"},"inLanguage":"de","potentialAction":[{"@type":"ReadAction","target":["https:\/\/ride-in.de\/site\/voge\/500r\/"]}]},{"@type":"ImageObject","inLanguage":"de","@id":"https:\/\/ride-in.de\/site\/voge\/500r\/#primaryimage","url":"https:\/\/ride-in.de\/site\/wp-content\/uploads\/VOGE_500R_red_04-scaled.jpg","contentUrl":"https:\/\/ride-in.de\/site\/wp-content\/uploads\/VOGE_500R_red_04-scaled.jpg","width":2560,"height":1707},{"@type":"BreadcrumbList","@id":"https:\/\/ride-in.de\/site\/voge\/500r\/#breadcrumb","itemListElement":[{"@type":"ListItem","position":1,"name":"Start","item":"https:\/\/ride-in.de\/site\/"},{"@type":"ListItem","position":2,"name":"VOGE","item":"https:\/\/ride-in.de\/site\/voge\/"},{"@type":"ListItem","position":3,"name":"500R"}]},{"@type":"WebSite","@id":"https:\/\/ride-in.de\/site\/#website","url":"https:\/\/ride-in.de\/site\/","name":"RIDE IN","description":"Zweirad-Service","publisher":{"@id":"https:\/\/ride-in.de\/site\/#organization"},"potentialAction":[{"@type":"SearchAction","target":{"@type":"EntryPoint","urlTemplate":"https:\/\/ride-in.de\/site\/?s={search_term_string}"},"query-input":{"@type":"PropertyValueSpecification","valueRequired":true,"valueName":"search_term_string"}}],"inLanguage":"de"},{"@type":"Organization","@id":"https:\/\/ride-in.de\/site\/#organization","name":"RIDE IN","url":"https:\/\/ride-in.de\/site\/","logo":{"@type":"ImageObject","inLanguage":"de","@id":"https:\/\/ride-in.de\/site\/#\/schema\/logo\/image\/","url":"https:\/\/ride-in.de\/site\/wp-content\/uploads\/2021\/01\/logo-ride-in-gerade333x111.png","contentUrl":"https:\/\/ride-in.de\/site\/wp-content\/uploads\/2021\/01\/logo-ride-in-gerade333x111.png","width":333,"height":111,"caption":"RIDE IN"},"image":{"@id":"https:\/\/ride-in.de\/site\/#\/schema\/logo\/image\/"}}]}},"_links":{"self":[{"href":"https:\/\/ride-in.de\/site\/wp-json\/wp\/v2\/pages\/1310","targetHints":{"allow":["GET"]}}],"collection":[{"href":"https:\/\/ride-in.de\/site\/wp-json\/wp\/v2\/pages"}],"about":[{"href":"https:\/\/ride-in.de\/site\/wp-json\/wp\/v2\/types\/page"}],"author":[{"embeddable":true,"href":"https:\/\/ride-in.de\/site\/wp-json\/wp\/v2\/users\/2"}],"replies":[{"embeddable":true,"href":"https:\/\/ride-in.de\/site\/wp-json\/wp\/v2\/comments?post=1310"}],"version-history":[{"count":11,"href":"https:\/\/ride-in.de\/site\/wp-json\/wp\/v2\/pages\/1310\/revisions"}],"predecessor-version":[{"id":1620,"href":"https:\/\/ride-in.de\/site\/wp-json\/wp\/v2\/pages\/1310\/revisions\/1620"}],"up":[{"embeddable":true,"href":"https:\/\/ride-in.de\/site\/wp-json\/wp\/v2\/pages\/181"}],"wp:attachment":[{"href":"https:\/\/ride-in.de\/site\/wp-json\/wp\/v2\/media?parent=1310"}],"wp:term":[{"taxonomy":"folder","embeddable":true,"href":"https:\/\/ride-in.de\/site\/wp-json\/wp\/v2\/folder?post=1310"}],"curies":[{"name":"wp","href":"https:\/\/api.w.org\/{rel}","templated":true}]}}